{"id":17612,"date":"2024-09-13T13:05:32","date_gmt":"2024-09-13T11:05:32","guid":{"rendered":"https:\/\/bild-staging.wechselpilot.com\/strompreisvergleich\/?page_id=17612"},"modified":"2025-03-12T10:27:22","modified_gmt":"2025-03-12T09:27:22","slug":"stromanbieter-in-rostock","status":"publish","type":"page","link":"https:\/\/bild-staging.wechselpilot.com\/strompreisvergleich\/stromanbieter-in-rostock\/","title":{"rendered":"Stromanbieter in Rostock"},"content":{"rendered":"\n<div class=\"wp-block-group\"><div class=\"wp-block-group__inner-container is-layout-constrained wp-block-group-is-layout-constrained\"><!-- HEADLINE: START -->\n<h1 id='berechnen' title='Stromanbieter in Rostock' class=\"wp_headline mb-6 text-black text-xl lg:text-3xl font-heading font-black  text-left \">\n  Stromanbieter in Rostock<\/h1>\n<!-- HEADLINE: END -->\n\n\n<p>Die meisten Windparks in Deutschland befinden sich im Norden als Offshore-Anlagen. Der gr\u00f6\u00dfte Teil der Anlagen steht in der Nordsee, ein kleinerer Teil <strong>in der Ostsee vor der K\u00fcste Rostocks.<\/strong> Wenn Sie also in Rostock leben, haben Sie eine Quelle der nachhaltigen Stromerzeugung praktisch vor der Haust\u00fcr. Trotzdem m\u00fcssen Sie sich aktuell noch damit abfinden, dass die Stromanbieter in Rostock nicht den besten Preis in ganz Deutschland anbieten. Und den besten <a href=\"\/strompreisvergleich\/strompreis\/\" data-type=\"page\" data-id=\"17266\">Preis<\/a> bezahlen Sie erst recht nicht, wenn Sie \u00fcber mehrere Jahre <strong>im gleichen Vertrag oder in der Grundversorgung<\/strong> bleiben. Nur, wenn Sie regelm\u00e4\u00dfig wechseln, k\u00f6nnen Sie auch Geld sparen.&nbsp;<\/p>\n\n\n\n<div style=\"height:65px\" aria-hidden=\"true\" class=\"wp-block-spacer\"><\/div>\n\n\n\n<p class=\"has-text-align-center\" id=\"ersparnis-berechnen\">Wie viel sparen Sie mit einem Stromwechsel wirklich? Wir berechnen sofort Ihre potenzielle Ersparnis!<\/p>\n\n\n\n<!-- CALCULATOR: Start -->\n<div class=\"relative\">\n\t<div class=\"relative w-full z-20 shadow\" id='wechselpilot-calculator'\n\t\tdata-widget-type='affiliate-advanced'\n\t\tdata-default-view='electricity'\n\t\tdata-filter-modes='electricity,heatpump,nightstorage'\n\t\tdata-environment='staging'\n\t\tdata-branch='staging'\n\t\tdata-api-token='367a33a3-513f-a4b3-048e-de0418e61999'\n\t\tdata-calculator-refid='bildzeitung'\n\t\tdata-green-only='0'\n\t\tdata-commercial-only='0'\n\t\t>\n\t<\/div>\n<\/div><\/div><\/div>\n\n\n\n<div class=\"wp-block-group\"><div class=\"wp-block-group__inner-container is-layout-constrained wp-block-group-is-layout-constrained\">\n<h2 class=\"wp-block-heading has-wp-black-color has-text-color has-link-color wp-elements-a1b10e780ce57d72f2af48aa0778a6f5\">Ihre Grundversorgung: Die Stadtwerke Rostock<\/h2>\n\n\n\n<p>Wenn Sie Ihren Strom \u00fcber die Grundversorgung bekommen, bedeutet das, dass Sie sich nicht aktiv f\u00fcr einen anderen Stromvertrag entschieden haben. Die Grundversorgung ist n\u00e4mlich die <strong>gesetzliche Stromversorgung,<\/strong> die automatisch alle Haushalte in Deutschland ohne anderen Stromvertrag beliefert. Sie ist aber meistens teurer als andere Stromtarife. Falls Sie Ihren Stromvertrag gek\u00fcndigt haben oder Ihr Stromversorger Sie nicht mehr beliefern kann, landen Sie vorerst in einem sogenannten Ersatzversorgungstarif, der nach drei Monaten automatisch zu einem Grundversorgungstarif umgewandelt wird. Beide Tarife sind meistens teurer als andere Stromtarife, bieten aber auch etwas mehr Flexibilit\u00e4t. Wenn Sie zu einem <a href=\"\/strompreisvergleich\/guenstige-stromanbieter\/\" data-type=\"page\" data-id=\"17262\">g\u00fcnstigeren Stromanbieter<\/a> wechseln wollen, haben Sie in der Grundversorgung eine <strong>gesetzliche K\u00fcndigungsfrist von zwei Wochen.<\/strong> Befinden Sie sich noch in der Ersatzversorgung, haben Sie gar keine K\u00fcndigungsfrist.&nbsp;<\/p>\n\n\n\n<p>Zust\u00e4ndiger Grundversorger im Rostocker Netzgebiet im aktuellen Zeitraum vom 1. Januar 2025 bis zum 31. Dezember 2027 ist die Stadtwerke Rostock AG. Der Grundversorger wird alle drei Jahre zum 1. Juli vom regionalen Netzbetreiber festgestellt und muss sp\u00e4testens am 30. September des gleichen Jahres ver\u00f6ffentlicht werden.<\/p>\n\n\n\n<p>Der Netzbetreiber in Rostock ist \u00fcbrigens die Stadtwerke Rostock Netzgesellschaft mbH, ein hundertprozentiges Tochterunternehmen der Stadtwerke Rostock AG.<\/p>\n<\/div><\/div>\n\n\n\n<div class=\"wp-block-group\"><div class=\"wp-block-group__inner-container is-layout-constrained wp-block-group-is-layout-constrained\">\n<figure class=\"wp-block-image alignwide size-full\"><img loading=\"lazy\" decoding=\"async\" width=\"1183\" height=\"887\" src=\"https:\/\/bild-staging.wechselpilot.com\/strompreisvergleich\/wp-content\/uploads\/Stromanbieter-Rostock.jpg\" alt=\"Blick auf die Altstadt von Rostock. Stromanbieter in Rostock vergleichen\" class=\"wp-image-17613\" srcset=\"https:\/\/bild-staging.wechselpilot.com\/strompreisvergleich\/wp-content\/uploads\/Stromanbieter-Rostock.jpg 1183w, https:\/\/bild-staging.wechselpilot.com\/strompreisvergleich\/wp-content\/uploads\/Stromanbieter-Rostock-300x225.jpg 300w, https:\/\/bild-staging.wechselpilot.com\/strompreisvergleich\/wp-content\/uploads\/Stromanbieter-Rostock-1024x768.jpg 1024w, https:\/\/bild-staging.wechselpilot.com\/strompreisvergleich\/wp-content\/uploads\/Stromanbieter-Rostock-768x576.jpg 768w\" sizes=\"auto, (max-width: 1183px) 100vw, 1183px\" \/><figcaption class=\"wp-element-caption\">Es gibt viele Stromanbieter in Rostock &#8211; vergleichen Sie die Tarife und finden Sie den f\u00fcr Sie besten. (Quelle: iStock)<\/figcaption><\/figure>\n<\/div><\/div>\n\n\n\n<div class=\"wp-block-group\"><div class=\"wp-block-group__inner-container is-layout-constrained wp-block-group-is-layout-constrained\">\n<h2 class=\"wp-block-heading has-wp-black-color has-text-color has-link-color wp-elements-f5620f287496645bb2d5b26a455878cd\">Einfach Stromanbieter in Rostock vergleichen<\/h2>\n\n\n\n<p>Wenn Sie also glauben, dass Sie zu viel f\u00fcr Ihren Stromvertrag bezahlen, oder wenn Sie sich in der Grundversorgung befinden, ist es m\u00f6glicherweise sinnvoll, einen Preisvergleich zu machen. Um schnell den f\u00fcr Sie besten Stromtarif zu finden, k\u00f6nnen Sie unseren <a href=\"#ersparnis-berechnen\">Vergleichsrechner<\/a> nutzen. Sie geben nur <strong>Ihre Postleitzahl und Ihren j\u00e4hrlichen Stromverbrauch<\/strong> an und bekommen daf\u00fcr eine Tarif\u00fcbersicht mit den jeweiligen Einsparpotenzialen und einer Bewertung zu den Anbietern und Tarifen. Sobald Sie einen passenden Stromtarif gefunden haben, m\u00fcssen Sie nur noch ausw\u00e4hlen, ob Sie unseren <a href=\"\/strompreisvergleich\/wechselservice\/\" data-type=\"page\" data-id=\"17214\">Wechselservice<\/a> nutzen wollen. Tun Sie das, wechseln Sie <strong>jedes Jahr automatisch<\/strong> in den f\u00fcr Sie passenden Stromtarif, ohne dass Sie etwas unternehmen m\u00fcssen.&nbsp;&nbsp;<\/p>\n<\/div><\/div>\n\n\n\n<div class=\"wp-block-group\"><div class=\"wp-block-group__inner-container is-layout-constrained wp-block-group-is-layout-constrained\">\n<h2 class=\"wp-block-heading has-wp-black-color has-text-color has-link-color wp-elements-c95ff653ebb3b535de93d5e2e09a98ef\">Nachhaltige und umweltfreundliche Stromanbieter in Rostock<\/h2>\n\n\n\n<p>Die meisten Stromanbieter in Rostock bieten mindestens einen <a href=\"\/strompreisvergleich\/oekostrom\/\" data-type=\"page\" data-id=\"17299\">\u00d6kostromtarif<\/a> an. Sie wollen also Strom liefern, der mehrheitlich aus erneuerbaren Energien gewonnen wurde. Gerade in Rostock in fast unmittelbarer N\u00e4he von gro\u00dfen Offshore-Windparks bietet es sich nat\u00fcrlich an, nachhaltigen Strom anzubieten. Das gilt umgekehrt aber auch f\u00fcr Haushalte, denn es gibt heutzutage <strong>keine wirklichen Preisunterschiede<\/strong> mehr zwischen \u00d6kotarifen und anderen herk\u00f6mmlichen Stromvertr\u00e4gen. Manchmal zahlen Sie f\u00fcr \u00d6kostrom sogar weniger als f\u00fcr andere Vertr\u00e4ge. Ob sich ein \u00d6kotarif f\u00fcr Sie lohnt, k\u00f6nnen Sie auch in unserem <a href=\"#ersparnis-berechnen\">Vergleichsrechner<\/a> herausfinden.&nbsp;&nbsp;<\/p>\n<\/div><\/div>\n\n\n\n<div class=\"wp-block-group\"><div class=\"wp-block-group__inner-container is-layout-constrained wp-block-group-is-layout-constrained\">\n<h2 class=\"wp-block-heading has-wp-black-color has-text-color has-link-color wp-elements-6865d91c1d9e0af9b658a9a380863201\">Dynamische Stromtarife in Rostock<\/h2>\n\n\n\n<p>Auch wenn das Angebot an <a href=\"\/strompreisvergleich\/dynamischer-stromtarif\/\" data-type=\"page\" data-id=\"17229\">dynamischen Stromtarifen<\/a> in Rostock im Moment noch sehr \u00fcbersichtlich ist, wird sich das bald \u00e4ndern. Denn dann m\u00fcssen laut EU-Verordnung alle Stromanbieter auch mindestens einen dynamischen Stromtarif anbieten. Solche Vertr\u00e4ge haben keinen Fixpreis, sondern <strong>orientieren sich am B\u00f6rsenstrompreis.<\/strong> Dadurch ver\u00e4ndert sich der Strompreis st\u00fcndlich und kann manchmal deutlich g\u00fcnstiger, manchmal aber auch teurer sein, als der durchschnittliche Strompreis. Dynamische Stromtarife lohnen sich also vor allem dann, wenn Sie Ihren <strong>Stromverbrauch planen<\/strong> und in die Zeiten mit niedrigen Strompreisen schieben k\u00f6nnen. Ab 2025 m\u00fcssen Stromanbieter au\u00dferdem Kombivertr\u00e4ge erm\u00f6glichen, sodass Kunden einerseits mit einem Festpreisvertrag vor pl\u00f6tzlichen Preisschocks gesch\u00fctzt sind, und andererseits mit einem dynamischen Stromvertrag die zwischenzeitlich niedrigen Strompreise nutzen k\u00f6nnen. Letztendlich entscheiden aber immer noch Sie, f\u00fcr welche Vertragskonstellation Sie sich entscheiden.&nbsp;<\/p>\n<\/div><\/div>\n","protected":false},"excerpt":{"rendered":"<p>Die meisten Windparks in Deutschland befinden sich im Norden als Offshore-Anlagen. Der gr\u00f6\u00dfte Teil der Anlagen steht in der Nordsee, ein kleinerer Teil in der Ostsee vor der K\u00fcste Rostocks. Wenn Sie also in Rostock leben, haben Sie eine Quelle der nachhaltigen Stromerzeugung praktisch vor der Haust\u00fcr. Trotzdem m\u00fcssen Sie sich aktuell noch damit abfinden, [&hellip;]<\/p>\n","protected":false},"author":15,"featured_media":0,"parent":0,"menu_order":0,"comment_status":"closed","ping_status":"closed","template":"","meta":{"_acf_changed":false,"inline_featured_image":false,"footnotes":""},"class_list":["post-17612","page","type-page","status-publish","hentry"],"acf":[],"_links":{"self":[{"href":"https:\/\/bild-staging.wechselpilot.com\/strompreisvergleich\/wp-json\/wp\/v2\/pages\/17612","targetHints":{"allow":["GET"]}}],"collection":[{"href":"https:\/\/bild-staging.wechselpilot.com\/strompreisvergleich\/wp-json\/wp\/v2\/pages"}],"about":[{"href":"https:\/\/bild-staging.wechselpilot.com\/strompreisvergleich\/wp-json\/wp\/v2\/types\/page"}],"author":[{"embeddable":true,"href":"https:\/\/bild-staging.wechselpilot.com\/strompreisvergleich\/wp-json\/wp\/v2\/users\/15"}],"replies":[{"embeddable":true,"href":"https:\/\/bild-staging.wechselpilot.com\/strompreisvergleich\/wp-json\/wp\/v2\/comments?post=17612"}],"version-history":[{"count":4,"href":"https:\/\/bild-staging.wechselpilot.com\/strompreisvergleich\/wp-json\/wp\/v2\/pages\/17612\/revisions"}],"predecessor-version":[{"id":18015,"href":"https:\/\/bild-staging.wechselpilot.com\/strompreisvergleich\/wp-json\/wp\/v2\/pages\/17612\/revisions\/18015"}],"wp:attachment":[{"href":"https:\/\/bild-staging.wechselpilot.com\/strompreisvergleich\/wp-json\/wp\/v2\/media?parent=17612"}],"curies":[{"name":"wp","href":"https:\/\/api.w.org\/{rel}","templated":true}]}}