{"id":17575,"date":"2024-08-02T13:11:18","date_gmt":"2024-08-02T11:11:18","guid":{"rendered":"https:\/\/bild-staging.wechselpilot.com\/strompreisvergleich\/?page_id=17575"},"modified":"2025-03-12T10:20:08","modified_gmt":"2025-03-12T09:20:08","slug":"stromanbieter-in-hannover","status":"publish","type":"page","link":"https:\/\/bild-staging.wechselpilot.com\/strompreisvergleich\/stromanbieter-in-hannover\/","title":{"rendered":"Stromanbieter in Hannover"},"content":{"rendered":"\n<div class=\"wp-block-group\"><div class=\"wp-block-group__inner-container is-layout-constrained wp-block-group-is-layout-constrained\"><!-- HEADLINE: START -->\n<h1 id='berechnen' title='Stromanbieter in Hannover: Richtig vergleichen und sparen' class=\"wp_headline mb-6 text-black text-xl lg:text-3xl font-heading font-black  text-left \">\n  Stromanbieter in Hannover: Richtig vergleichen und sparen<\/h1>\n<!-- HEADLINE: END -->\n\n\n<p>Das Bundesland Niedersachsen bezeichnete sich im eigenen Energiewendebericht selbst als <strong>Vorreiter f\u00fcr erneuerbare Energien.<\/strong> Niedrigere Preise und <a href=\"\/strompreisvergleich\/guenstige-stromanbieter\/\" data-type=\"page\" data-id=\"17262\">g\u00fcnstige Stromanbieter<\/a> finden Sie in der Regel aber auch dort nur, wenn Sie einen neuen Vertrag abschlie\u00dfen. Denn dann profitieren Sie von Neukundenboni, die nach dem ersten Vertragsjahr wieder wegfallen. Bestandskunden zahlen also oft mehr als Neukunden. Und wenn Sie sich in der Grundversorgung befinden, zahlen Sie wahrscheinlich noch mehr, denn diese ist meistens teurer als andere Stromvertr\u00e4ge. Dann lohnt sich ein Preisvergleich umso mehr. Das Wichtigste zu den Stromanbietern in Hannover und wie Sie den besten Tarif finden, erfahren Sie hier!&nbsp;<\/p>\n\n\n\n<div style=\"height:65px\" aria-hidden=\"true\" class=\"wp-block-spacer\"><\/div>\n\n\n\n<p class=\"has-text-align-center\" id=\"ersparnis-berechnen\">Wie viel sparen Sie mit einem Stromwechsel wirklich? Wir berechnen sofort Ihre potenzielle Ersparnis!<\/p>\n\n\n\n<!-- CALCULATOR: Start -->\n<div class=\"relative\">\n\t<div class=\"relative w-full z-20 shadow\" id='wechselpilot-calculator'\n\t\tdata-widget-type='affiliate-advanced'\n\t\tdata-default-view='electricity'\n\t\tdata-filter-modes='electricity,heatpump,nightstorage'\n\t\tdata-environment='staging'\n\t\tdata-branch='staging'\n\t\tdata-api-token='367a33a3-513f-a4b3-048e-de0418e61999'\n\t\tdata-calculator-refid='bildzeitung'\n\t\tdata-green-only='0'\n\t\tdata-commercial-only='0'\n\t\t>\n\t<\/div>\n<\/div><\/div><\/div>\n\n\n\n<div class=\"wp-block-group\"><div class=\"wp-block-group__inner-container is-layout-constrained wp-block-group-is-layout-constrained\">\n<h2 class=\"wp-block-heading has-wp-black-color has-text-color has-link-color wp-elements-8033ea8e3f4721fdb22cbd7e208e06e1\">enercity: Ihr Grundversorger in Hannover<\/h2>\n\n\n\n<p>Der aktuelle Grundversorger in Hannover ist die enercity AG. Die Feststellung des Grundversorgers erfolgt alle drei Jahre zum 1. Juli durch den regionalen Netzbetreiber. Hierf\u00fcr ist ausschlaggebend, welcher Stromanbieter die meisten Haushalte der Region beliefert. Die enercity AG ist also im Zeitraum vom 1. Januar 2025 bis zum 31. Dezember 2027 Grundversorger Hannovers. Netzbetreiber in Hannover ist \u00fcbrigens die enercity Netz GmbH, eine hundertprozentige Tochter der enercity AG.\u00a0<\/p>\n\n\n\n<p>Die Grundversorgung ist eine <strong>gesetzlich festgelegte Stromversorgung,<\/strong> die jeder Haushalt in Deutschland bekommen kann. Grundversorgungstarife sind automatisch wirksam, wenn Sie nicht aktiv einen anderen Stromvertrag abgeschlossen haben. Falls Sie Ihren Stromvertrag k\u00fcndigen, ohne einen anderen Vertrag abzuschlie\u00dfen, landen Sie vorerst in der Ersatzversorgung, die ebenfalls der regionale Grundversorger bereitstellt. Nach drei Monaten wird die Ersatzversorgung <strong>automatisch zur Grundversorgung umgewandelt.<\/strong> Grundversorgungstarife und Ersatzversorgungstarife sind oft teurer als andere Angebote, bieten daf\u00fcr aber auch mehr Flexibilit\u00e4t, die gesetzlich festgeschrieben ist. Wenn Sie einen <a href=\"\/strompreisvergleich\/guenstige-stromanbieter\/\" data-type=\"page\" data-id=\"17262\">g\u00fcnstigeren Stromanbieter<\/a> gefunden haben, m\u00fcssen Sie in der Grundversorgung eine <strong>gesetzliche K\u00fcndigungsfrist von zwei Wochen<\/strong> beachten. In der Ersatzversorgung k\u00f6nnen Sie ohne K\u00fcndigungsfrist in einen anderen Stromtarif wechseln.<\/p>\n<\/div><\/div>\n\n\n\n<div class=\"wp-block-group\"><div class=\"wp-block-group__inner-container is-layout-constrained wp-block-group-is-layout-constrained\">\n<figure class=\"wp-block-image alignwide size-full\"><img loading=\"lazy\" decoding=\"async\" width=\"1365\" height=\"768\" src=\"https:\/\/bild-staging.wechselpilot.com\/strompreisvergleich\/wp-content\/uploads\/Stromanbieter-Hannover.jpg\" alt=\"\" class=\"wp-image-17578\" srcset=\"https:\/\/bild-staging.wechselpilot.com\/strompreisvergleich\/wp-content\/uploads\/Stromanbieter-Hannover.jpg 1365w, https:\/\/bild-staging.wechselpilot.com\/strompreisvergleich\/wp-content\/uploads\/Stromanbieter-Hannover-300x169.jpg 300w, https:\/\/bild-staging.wechselpilot.com\/strompreisvergleich\/wp-content\/uploads\/Stromanbieter-Hannover-1024x576.jpg 1024w, https:\/\/bild-staging.wechselpilot.com\/strompreisvergleich\/wp-content\/uploads\/Stromanbieter-Hannover-768x432.jpg 768w\" sizes=\"auto, (max-width: 1365px) 100vw, 1365px\" \/><figcaption class=\"wp-element-caption\">Vergleichen Sie die Stromanbieter in Hannover und finden Sie den f\u00fcr besten Tarif. (Quelle: iStock)<\/figcaption><\/figure>\n<\/div><\/div>\n\n\n\n<div class=\"wp-block-group\"><div class=\"wp-block-group__inner-container is-layout-constrained wp-block-group-is-layout-constrained\">\n<h2 class=\"wp-block-heading has-wp-black-color has-text-color has-link-color wp-elements-31aee4fad728d9863244303048a783ee\">So wechseln Sie Ihren Stromvertrag in Hannover richtig<\/h2>\n\n\n\n<p>Bei einer Auswahl von ungef\u00e4hr 100 verschiedenen Stromanbietern und mehr als doppelt so vielen Tarifen kann ein Preisvergleich schnell un\u00fcbersichtlich und zeitaufwendig werden. Um das zu vermeiden, k\u00f6nnen Sie unseren <a href=\"#ersparnis-berechnen\">Vergleichsrechner<\/a> nutzen, mit dem Sie eine Tarif\u00fcbersicht bekommen und sehen, wie viel Sie mit welchem Tarif sparen k\u00f6nnen. Daf\u00fcr geben Sie nur <strong>Ihre Postleitzahl und Ihren Jahresverbrauch<\/strong> an. Sobald Sie den f\u00fcr Sie besten Tarif gefunden haben, m\u00fcssen Sie nur noch entscheiden, ob Sie einmalig wechseln wollen oder lieber einen Wechselservice nutzen. Mit dem Wechselservice wechseln Sie <strong>jedes Jahr automatisch in den f\u00fcr Sie besten Tarif<\/strong> \u2013 und Sie k\u00f6nnen sich einfach zur\u00fccklehnen und entspannt Geld sparen.&nbsp;&nbsp;<\/p>\n<\/div><\/div>\n\n\n\n<div class=\"wp-block-group\"><div class=\"wp-block-group__inner-container is-layout-constrained wp-block-group-is-layout-constrained\">\n<h2 class=\"wp-block-heading has-wp-black-color has-text-color has-link-color wp-elements-8b55beb4b2def0c5a71a5b97f5e38f1b\">\u00d6kostrom in Hannover<\/h2>\n\n\n\n<p>In Hannover haben Sie auch eine <strong>gro\u00dfe Auswahl an \u00d6kostromtarifen.<\/strong> Fast jedes Energieunternehmen bietet mindestens einen Tarif mit <a href=\"\/strompreisvergleich\/oekostrom\/\" data-type=\"page\" data-id=\"17299\">\u00d6kostrom<\/a> an. Insgesamt gibt es sogar eine gr\u00f6\u00dfere Auswahl an \u00d6kostromtarifen als f\u00fcr herk\u00f6mmlichen Strom. Dabei macht es f\u00fcr Ihren Haushalt eigentlich gar keinen Unterschied, ob Sie einen \u00d6kotarif abschlie\u00dfen oder nicht. Sie k\u00f6nnen Ihren Strom weiterhin ganz normal nutzen, ohne dass sich etwas \u00e4ndert. Auch der Preis bleibt in den meisten F\u00e4llen gleich. Heutzutage haben \u00d6kotarife und herk\u00f6mmliche Stromvertr\u00e4ge <strong>meistens sehr \u00e4hnliche Preise.<\/strong> Teilweise sind \u00d6kotarife sogar g\u00fcnstiger. Mit dem <a href=\"#ersparnis-berechnen\">Vergleichsrechner<\/a> k\u00f6nnen Sie herausfinden, ob sich ein Tarif mit \u00d6kostrom f\u00fcr Sie pers\u00f6nlich lohnt.&nbsp;&nbsp;<\/p>\n<\/div><\/div>\n\n\n\n<div class=\"wp-block-group\"><div class=\"wp-block-group__inner-container is-layout-constrained wp-block-group-is-layout-constrained\">\n<h2 class=\"wp-block-heading has-wp-black-color has-text-color has-link-color wp-elements-4418ad8f539f442a5c996067265e25d9\">Dynamische Stromtarife in Hannover<\/h2>\n\n\n\n<p>In Hannover haben Sie auch eine kleine Auswahl an <a href=\"\/strompreisvergleich\/dynamischer-stromtarif\/\" data-type=\"page\" data-id=\"17229\">dynamischen Stromtarifen<\/a> bzw. Flextarifen. Diese Tarife unterscheiden sich von anderen Tarifen dadurch, dass sich der Preis etwas anders zusammensetzt. Wie bei anderen Tarifen zahlen Sie immer noch einen festen monatlichen Grundpreis, aber der Arbeitspreis pro kWh variiert <strong>sp\u00e4testens ab dem zweiten Vertragsmonat st\u00fcndlich.<\/strong> Dieser orientiert sich bei dynamischen Stromtarifen n\u00e4mlich am sich st\u00e4ndig ver\u00e4ndernden B\u00f6rsenstrompreis. Dadurch sind Flextarife zu manchen Zeiten deutlich g\u00fcnstiger, zu anderen Zeiten teurer als der durchschnittliche Strompreis. Um einen dynamischen Stromtarif also wirklich sinnvoll zu nutzen, sollten Sie Ihren Stromverbrauch bereits im Vorfeld planen und <strong>an die Zeiten mit niedrigen Preisen anpassen<\/strong> k\u00f6nnen. Denn nur dann k\u00f6nnen Sie wirklich von den Preisschwankungen eines dynamischen Stromtarifs profitieren.&nbsp;&nbsp;<\/p>\n<\/div><\/div>\n","protected":false},"excerpt":{"rendered":"<p>Das Bundesland Niedersachsen bezeichnete sich im eigenen Energiewendebericht selbst als Vorreiter f\u00fcr erneuerbare Energien. Niedrigere Preise und g\u00fcnstige Stromanbieter finden Sie in der Regel aber auch dort nur, wenn Sie einen neuen Vertrag abschlie\u00dfen. Denn dann profitieren Sie von Neukundenboni, die nach dem ersten Vertragsjahr wieder wegfallen. Bestandskunden zahlen also oft mehr als Neukunden. Und [&hellip;]<\/p>\n","protected":false},"author":15,"featured_media":0,"parent":0,"menu_order":0,"comment_status":"closed","ping_status":"closed","template":"","meta":{"_acf_changed":false,"inline_featured_image":false,"footnotes":""},"class_list":["post-17575","page","type-page","status-publish","hentry"],"acf":[],"_links":{"self":[{"href":"https:\/\/bild-staging.wechselpilot.com\/strompreisvergleich\/wp-json\/wp\/v2\/pages\/17575","targetHints":{"allow":["GET"]}}],"collection":[{"href":"https:\/\/bild-staging.wechselpilot.com\/strompreisvergleich\/wp-json\/wp\/v2\/pages"}],"about":[{"href":"https:\/\/bild-staging.wechselpilot.com\/strompreisvergleich\/wp-json\/wp\/v2\/types\/page"}],"author":[{"embeddable":true,"href":"https:\/\/bild-staging.wechselpilot.com\/strompreisvergleich\/wp-json\/wp\/v2\/users\/15"}],"replies":[{"embeddable":true,"href":"https:\/\/bild-staging.wechselpilot.com\/strompreisvergleich\/wp-json\/wp\/v2\/comments?post=17575"}],"version-history":[{"count":8,"href":"https:\/\/bild-staging.wechselpilot.com\/strompreisvergleich\/wp-json\/wp\/v2\/pages\/17575\/revisions"}],"predecessor-version":[{"id":18009,"href":"https:\/\/bild-staging.wechselpilot.com\/strompreisvergleich\/wp-json\/wp\/v2\/pages\/17575\/revisions\/18009"}],"wp:attachment":[{"href":"https:\/\/bild-staging.wechselpilot.com\/strompreisvergleich\/wp-json\/wp\/v2\/media?parent=17575"}],"curies":[{"name":"wp","href":"https:\/\/api.w.org\/{rel}","templated":true}]}}